{"id":380,"date":"2016-07-15T18:51:27","date_gmt":"2016-07-15T16:51:27","guid":{"rendered":"http:\/\/svr.richterreudern.de\/?page_id=380"},"modified":"2025-10-29T08:31:13","modified_gmt":"2025-10-29T07:31:13","slug":"verein","status":"publish","type":"page","link":"https:\/\/svreudern.de\/?page_id=380","title":{"rendered":"SV Reudern e.V."},"content":{"rendered":"<p class=\"bodytext\">Der Sportverein Reudern mit seinen derzeit rund 950 Mitgliedern wurde 1913 gegr\u00fcndet und kann auf seine 100-j\u00e4hrige Vereinsgeschichte zur\u00fcckblicken. Ob <b>Turnen\/Leichtathletik\/Freizeitsport, Fu\u00dfball,Tischtennis, Ski und Rad<\/b>, bei uns findet jeder in allen Altersklassen das passende Freizeitangebot. Die Kameradschaft und Geselligkeit kommen nicht zu kurz. Das Sportgel\u00e4nde und das vereinseigene Sportheim befinden sich im Naherholungsgebiet &#8220;Aspach&#8221;, die Gemeinde-\/Sporthalle im Ort.<\/p>\n<p class=\"bodytext\"><b>Gesch\u00e4ftsstelle:<\/b> H\u00fclenbergstra\u00dfe 79, 72622 N\u00fcrtingen<\/p>\n<p class=\"bodytext\">\u00d6ffnungszeiten: mittwochs von 18:00 Uhr bis 19:00 Uhr<\/p>\n<p class=\"bodytext\">Gesch\u00e4ftsstelle SV Reudern<br \/>\nBirgit Wolfer<br \/>\nE-Mail:<a class=\"mail\" title=\"\u00d6ffnet ein Fenster zum Versenden der E-Mail\" href=\"mailto:info@svreudern.de\">\u00a0info@svreudern.de<\/a><br \/>\nTelefon: 07022-9316477<\/p>\n<p><strong>\u00d6ffnungszeiten Sportheim:<\/strong><\/p>\n<p>Das Sportheim hat ab sofort zu folgenden Zeiten ge\u00f6ffnet:<br \/>\nMontag bis Donnerstag von 17:00 bis 22:00 Uhr<br \/>\nFreitags ist Ruhetag.<br \/>\nSamstag und Sonntag jeweils von 10:00 bis 22 Uhr<\/p>\n","protected":false},"excerpt":{"rendered":"<p>Der Sportverein Reudern mit seinen derzeit rund 950 Mitgliedern wurde 1913 gegr\u00fcndet und kann auf seine 100-j\u00e4hrige Vereinsgeschichte zur\u00fcckblicken. Ob Turnen\/Leichtathletik\/Freizeitsport, Fu\u00dfball,Tischtennis, Ski und Rad, bei uns findet jeder in allen Altersklassen das passende Freizeitangebot. Die Kameradschaft und Geselligkeit kommen <a class=\"more-link\" href=\"https:\/\/svreudern.de\/?page_id=380\">weiterlesen&#8230;<\/a><\/p>\n","protected":false},"author":5,"featured_media":0,"parent":0,"menu_order":1,"comment_status":"closed","ping_status":"closed","template":"","meta":{"_mc_calendar":[],"footnotes":"","_links_to":"","_links_to_target":""},"class_list":["post-380","page","type-page","status-publish","hentry"],"_links":{"self":[{"href":"https:\/\/svreudern.de\/index.php?rest_route=\/wp\/v2\/pages\/380","targetHints":{"allow":["GET"]}}],"collection":[{"href":"https:\/\/svreudern.de\/index.php?rest_route=\/wp\/v2\/pages"}],"about":[{"href":"https:\/\/svreudern.de\/index.php?rest_route=\/wp\/v2\/types\/page"}],"author":[{"embeddable":true,"href":"https:\/\/svreudern.de\/index.php?rest_route=\/wp\/v2\/users\/5"}],"replies":[{"embeddable":true,"href":"https:\/\/svreudern.de\/index.php?rest_route=%2Fwp%2Fv2%2Fcomments&post=380"}],"version-history":[{"count":12,"href":"https:\/\/svreudern.de\/index.php?rest_route=\/wp\/v2\/pages\/380\/revisions"}],"predecessor-version":[{"id":2496,"href":"https:\/\/svreudern.de\/index.php?rest_route=\/wp\/v2\/pages\/380\/revisions\/2496"}],"wp:attachment":[{"href":"https:\/\/svreudern.de\/index.php?rest_route=%2Fwp%2Fv2%2Fmedia&parent=380"}],"curies":[{"name":"wp","href":"https:\/\/api.w.org\/{rel}","templated":true}]}}