{"id":1453,"date":"2023-11-12T14:27:48","date_gmt":"2023-11-12T14:27:48","guid":{"rendered":"https:\/\/svreudern.de\/leichtathletik\/?page_id=1453"},"modified":"2026-04-16T20:27:49","modified_gmt":"2026-04-16T20:27:49","slug":"fitness-style-b","status":"publish","type":"page","link":"https:\/\/svreudern.de\/leichtathletik\/?page_id=1453","title":{"rendered":"Fitness Style B"},"content":{"rendered":"\n<p><\/p>\n\n\n\n<p><strong>Wann: freitags zwischen 19:30 Uhr und 20:30 Uhr im Gymnastikraum der Gemeindehalle<\/strong><br><strong>Leiterin: Bianca Weber<\/strong><\/p>\n\n\n\n<p>Der Kurs bietet die M\u00f6glichkeit, rundum fit und gesund zu bleiben sowie die eigene k\u00f6rperliche Leistungsf\u00e4higkeit zu steigern. Zielgruppe sind alle, die Spa\u00df an Bewegung haben und die gezielt eine Stunde Fitnesstraining in den Alltag einbauen m\u00f6chten \u2013 ohne Altersbeschr\u00e4nkung. <br>Entsprechend der Zusammensetzung der Gruppe wird versucht verschiedene Schwierigkeitslevels anzubieten, damit jeder auf seinem Leistungsniveau trainieren, aber auch Grenzen austesten kann. <br>Neben dem klassischen Stundenabl\u00e4ufen mit Aufw\u00e4rmen, Ausdauerteil, Kr\u00e4ftigung und abschlie\u00dfender Entspannung gibt es auch abwechslungsreiche, andere Stundenabl\u00e4ufe mit Intervalltraining, Stoffwechseltraining, Zirkeltraining uvm. Auch Elemente aus dem Aerobic und Stepaerobic d\u00fcrfen nicht fehlen. Durch den Einsatz verschiedener Ger\u00e4te wird keine Stunde der anderen gleichen \u2013 Abwechslung und Spa\u00df sind garantiert! Begleitet wird das Training durch passende Musik. Zum Abschluss jeder Stunde wird eine kurze Stretchingeinheit oder Entspannungs\u00fcbung f\u00fcr einen guten Start ins Wochenende sorgen. Das Ziel soll vor allem sein als Gruppe gemeinsam Spa\u00df an der Bewegung zu haben. Ganz automatisch werden dadurch auch die Ausdauer, Kraft und koordinativen F\u00e4higkeiten trainiert.<\/p>\n\n\n\n<p><strong>Kosten:<\/strong><br>f\u00fcr Vereinsmitglieder pro Einheit 3 \u20ac<br>f\u00fcr Nichtmitglieder pro Einheit 5 \u20ac<br><br>Bei Abbruch des Kurses ist eine R\u00fcckerstattung der Kosten nicht m\u00f6glich.<br>Mit der Anmeldung zum Kurs wird der Betrag sp\u00e4testens am 1. Kurstermin f\u00e4llig. Bitte in<br>bar an die \u00dcbungsleiterin bezahlen.<\/p>\n\n\n\n<p><strong>Neue Kurstermine:<\/strong><br>17.04.2026 \/ 24.04.2026<br>08.05.2026 \/ 22.05.2026<br>12.06.2026 \/ 19.06.2026 \/ 26.06.2026<br>03.07.2026 \/ 10.07.2026 \/ 17.07.2026<br><\/p>\n\n\n\n<p><strong>Kontaktdaten bei Interesse und zur Anmeldung:<\/strong><br>Bianca Weber<br>Telefon 07021\/8668568<br>bianca.weber.lindorf(a)gmx.de<\/p>\n\n\n\n<p><a href=\"https:\/\/svreudern.de\/leichtathletik\/wp-content\/uploads\/2026\/03\/2026-03-14-Fitness_StyleB_2026.pdf\" data-type=\"link\" data-id=\"https:\/\/svreudern.de\/leichtathletik\/wp-content\/uploads\/2026\/03\/2026-03-14-Fitness_StyleB_2026.pdf\" target=\"_blank\" rel=\"noreferrer noopener\">Anmeldeformular Fitness Style B<\/a><br><\/p>\n","protected":false},"excerpt":{"rendered":"<p>Wann: freitags zwischen 19:30 Uhr und 20:30 Uhr im Gymnastikraum der GemeindehalleLeiterin: Bianca Weber Der Kurs bietet die M\u00f6glichkeit, rundum fit und gesund zu bleiben sowie die eigene k\u00f6rperliche Leistungsf\u00e4higkeit zu steigern. Zielgruppe sind alle, die Spa\u00df an Bewegung haben und die gezielt eine Stunde Fitnesstraining in den Alltag einbauen m\u00f6chten \u2013 ohne Altersbeschr\u00e4nkung. Entsprechend <a class=\"more-link\" href=\"https:\/\/svreudern.de\/leichtathletik\/?page_id=1453\">weiterlesen&#8230;<\/a><\/p>\n","protected":false},"author":7,"featured_media":0,"parent":0,"menu_order":0,"comment_status":"closed","ping_status":"closed","template":"","meta":{"footnotes":""},"class_list":["post-1453","page","type-page","status-publish","hentry"],"_links":{"self":[{"href":"https:\/\/svreudern.de\/leichtathletik\/index.php?rest_route=\/wp\/v2\/pages\/1453","targetHints":{"allow":["GET"]}}],"collection":[{"href":"https:\/\/svreudern.de\/leichtathletik\/index.php?rest_route=\/wp\/v2\/pages"}],"about":[{"href":"https:\/\/svreudern.de\/leichtathletik\/index.php?rest_route=\/wp\/v2\/types\/page"}],"author":[{"embeddable":true,"href":"https:\/\/svreudern.de\/leichtathletik\/index.php?rest_route=\/wp\/v2\/users\/7"}],"replies":[{"embeddable":true,"href":"https:\/\/svreudern.de\/leichtathletik\/index.php?rest_route=%2Fwp%2Fv2%2Fcomments&post=1453"}],"version-history":[{"count":18,"href":"https:\/\/svreudern.de\/leichtathletik\/index.php?rest_route=\/wp\/v2\/pages\/1453\/revisions"}],"predecessor-version":[{"id":2303,"href":"https:\/\/svreudern.de\/leichtathletik\/index.php?rest_route=\/wp\/v2\/pages\/1453\/revisions\/2303"}],"wp:attachment":[{"href":"https:\/\/svreudern.de\/leichtathletik\/index.php?rest_route=%2Fwp%2Fv2%2Fmedia&parent=1453"}],"curies":[{"name":"wp","href":"https:\/\/api.w.org\/{rel}","templated":true}]}}

<p></p>



<p><strong>Wann: freitags zwischen 19:30 Uhr und 20:30 Uhr im Gymnastikraum der Gemeindehalle</strong><br><strong>Leiterin: Bianca Weber</strong></p>



<p>Der Kurs bietet die Möglichkeit, rundum fit und gesund zu bleiben sowie die eigene körperliche Leistungsfähigkeit zu steigern. Zielgruppe sind alle, die Spaß an Bewegung haben und die gezielt eine Stunde Fitnesstraining in den Alltag einbauen möchten – ohne Altersbeschränkung. <br>Entsprechend der Zusammensetzung der Gruppe wird versucht verschiedene Schwierigkeitslevels anzubieten, damit jeder auf seinem Leistungsniveau trainieren, aber auch Grenzen austesten kann. <br>Neben dem klassischen Stundenabläufen mit Aufwärmen, Ausdauerteil, Kräftigung und abschließender Entspannung gibt es auch abwechslungsreiche, andere Stundenabläufe mit Intervalltraining, Stoffwechseltraining, Zirkeltraining uvm. Auch Elemente aus dem Aerobic und Stepaerobic dürfen nicht fehlen. Durch den Einsatz verschiedener Geräte wird keine Stunde der anderen gleichen – Abwechslung und Spaß sind garantiert! Begleitet wird das Training durch passende Musik. Zum Abschluss jeder Stunde wird eine kurze Stretchingeinheit oder Entspannungsübung für einen guten Start ins Wochenende sorgen. Das Ziel soll vor allem sein als Gruppe gemeinsam Spaß an der Bewegung zu haben. Ganz automatisch werden dadurch auch die Ausdauer, Kraft und koordinativen Fähigkeiten trainiert.</p>



<p><strong>Kosten:</strong><br>für Vereinsmitglieder pro Einheit 3 €<br>für Nichtmitglieder pro Einheit 5 €<br><br>Bei Abbruch des Kurses ist eine Rückerstattung der Kosten nicht möglich.<br>Mit der Anmeldung zum Kurs wird der Betrag spätestens am 1. Kurstermin fällig. Bitte in<br>bar an die Übungsleiterin bezahlen.</p>



<p><strong>Neue Kurstermine:</strong><br>17.04.2026 / 24.04.2026<br>08.05.2026 / 22.05.2026<br>12.06.2026 / 19.06.2026 / 26.06.2026<br>03.07.2026 / 10.07.2026 / 17.07.2026<br></p>



<p><strong>Kontaktdaten bei Interesse und zur Anmeldung:</strong><br>Bianca Weber<br>Telefon 07021/8668568<br>bianca.weber.lindorf(a)gmx.de</p>



<p><a href="https://svreudern.de/leichtathletik/wp-content/uploads/2026/03/2026-03-14-Fitness_StyleB_2026.pdf" data-type="link" data-id="https://svreudern.de/leichtathletik/wp-content/uploads/2026/03/2026-03-14-Fitness_StyleB_2026.pdf" target="_blank" rel="noreferrer noopener">Anmeldeformular Fitness Style B</a><br></p>

<p>Wann: freitags zwischen 19:30 Uhr und 20:30 Uhr im Gymnastikraum der GemeindehalleLeiterin: Bianca Weber Der Kurs bietet die Möglichkeit, rundum fit und gesund zu bleiben sowie die eigene körperliche Leistungsfähigkeit zu steigern. Zielgruppe sind alle, die Spaß an Bewegung haben und die gezielt eine Stunde Fitnesstraining in den Alltag einbauen möchten – ohne Altersbeschränkung. Entsprechend <a class="more-link" href="https://svreudern.de/leichtathletik/?page_id=1453">weiterlesen&#8230;</a></p>
