{"id":546,"date":"2016-10-10T18:34:12","date_gmt":"2016-10-10T18:34:12","guid":{"rendered":"http:\/\/www.sportvereinreudern.de\/leichtathletik\/?page_id=546"},"modified":"2026-03-29T17:02:27","modified_gmt":"2026-03-29T17:02:27","slug":"babys-in-bewegung","status":"publish","type":"page","link":"https:\/\/svreudern.de\/leichtathletik\/?page_id=546","title":{"rendered":"Babys in Bewegung"},"content":{"rendered":"\n<p><b>Wann: mittwochs zwischen 9:30 Uhr und 11 Uhr im Gymnastikraum der Gemeindehalle<\/b><br><b>Leiterin: Karin Burr<br><\/b><\/p>\n\n\n\n<p>\u00dcber Bewegung und Sinneswahrnehmung erobern sich Babys die Welt und sind von Anfang an aktiv, interessiert und lernf\u00e4hig.<br>In ihren Wachzeiten sind sie st\u00e4ndig in Bewegung, wechseln ihre Position, probieren ihren K\u00f6rper aus und hantieren mit allerlei Dingen.<br>Die moderne Hirnforschung hat gezeigt, dass sich gerade in den ersten Lebensjahren durch Ausprobieren und Erfahrung des Kindes wichtige Nervenverbindungen im Gehirn entwickeln.<\/p>\n\n\n\n<p>Diese Kursreihe begleitet Babys und ihre Eltern im ersten Lebensjahr.<br>Bewegen, Tasten, Greifen, Ber\u00fchren, F\u00fchlen und Strampeln, Drehen, Streichelmassagen und vieles mehr sind die Inhalte das Programms.<\/p>\n\n\n\n<p>Hier sind Sie genau richtig,<br>&#8211; wenn Sie sich und Ihrem Baby ein bisschen gemeinsame Zeit schenken wollen,<br>&#8211; wenn Sie neue Kontakte kn\u00fcpfen und Spa\u00df haben wollen,<br>&#8211; wenn Sie sich gerne mit anderen Eltern austauschen wollen,<br>&#8211; wenn eine Auszeit f\u00fcr beide im Trubel des Alltags selten m\u00f6glich ist<\/p>\n\n\n\n<p>Eine Gruppe besteht aus 8 bis h\u00f6chstens 10 Babys mit je einer Begleitperson.<\/p>\n\n\n\n<p><strong>Kosten:<\/strong><br>f\u00fcr Vereinsmitglieder pro Einheit 5 \u20ac<br>f\u00fcr Nichtmitglieder pro Einheit 7 \u20ac<\/p>\n\n\n\n<p>Bei Abbruch des Kurses ist eine R\u00fcckerstattung der Kosten nicht m\u00f6glich.<br>Mit der Anmeldung zum Kurs wird der Betrag sp\u00e4testens am 1. Kurstermin f\u00e4llig. Bitte in<br>bar an die \u00dcbungsleiterin bezahlen.<\/p>\n\n\n\n<p><strong><strong>Kurstermine (Kursblock 1 f\u00fcr 02\/25 bis 09\/25 geborene Kinder):<\/strong><br><strong>Der neue Kurs startet am 27.02.26<\/strong>. <strong>Die Kurstermine sind wie folgt:<\/strong><\/strong><br><br>15.04.2026 \/ 22.04.2026<br>06.05.2026 \/ 13.05.2026 \/ 20.05.2026<br>10.06.2026 \/ 17.06.2026 \/ 24.06.2026<br>01.07.2026 \/ 08.07.2026 \/ 15.07.2026 \/ 22.07.2026<\/p>\n\n\n\n<p><strong>Kontaktdaten bei Interesse und zur Anmeldung:<\/strong><br>Karin Burr<br>Telefon 07022\/211671<br>karin-burr(a)web.de<\/p>\n\n\n\n<p><a href=\"https:\/\/svreudern.de\/leichtathletik\/wp-content\/uploads\/2026\/03\/2_Infoblatt__Anmeldung_BiB_15.4.-22.7.2026.pdf\" data-type=\"link\" data-id=\"http:\/\/svreudern.de\/leichtathletik\/wp-content\/uploads\/2024\/05\/Infoblatt-Anmeldung-Babys-in-Bewegung-06-2024.pdf\" target=\"_blank\" rel=\"noreferrer noopener\">Anmeldeformular Babys in Bewegung (f\u00fcr 02\/25 bis 09\/25 geborene Kinder)<\/a><\/p>\n\n\n\n<p><br><\/p>\n\n\n\n<p><\/p>\n\n\n\n<p><\/p>\n","protected":false},"excerpt":{"rendered":"<p>Wann: mittwochs zwischen 9:30 Uhr und 11 Uhr im Gymnastikraum der GemeindehalleLeiterin: Karin Burr \u00dcber Bewegung und Sinneswahrnehmung erobern sich Babys die Welt und sind von Anfang an aktiv, interessiert und lernf\u00e4hig.In ihren Wachzeiten sind sie st\u00e4ndig in Bewegung, wechseln ihre Position, probieren ihren K\u00f6rper aus und hantieren mit allerlei Dingen.Die moderne Hirnforschung hat gezeigt, <a class=\"more-link\" href=\"https:\/\/svreudern.de\/leichtathletik\/?page_id=546\">weiterlesen&#8230;<\/a><\/p>\n","protected":false},"author":7,"featured_media":0,"parent":0,"menu_order":0,"comment_status":"closed","ping_status":"closed","template":"","meta":{"footnotes":""},"class_list":["post-546","page","type-page","status-publish","hentry"],"_links":{"self":[{"href":"https:\/\/svreudern.de\/leichtathletik\/index.php?rest_route=\/wp\/v2\/pages\/546","targetHints":{"allow":["GET"]}}],"collection":[{"href":"https:\/\/svreudern.de\/leichtathletik\/index.php?rest_route=\/wp\/v2\/pages"}],"about":[{"href":"https:\/\/svreudern.de\/leichtathletik\/index.php?rest_route=\/wp\/v2\/types\/page"}],"author":[{"embeddable":true,"href":"https:\/\/svreudern.de\/leichtathletik\/index.php?rest_route=\/wp\/v2\/users\/7"}],"replies":[{"embeddable":true,"href":"https:\/\/svreudern.de\/leichtathletik\/index.php?rest_route=%2Fwp%2Fv2%2Fcomments&post=546"}],"version-history":[{"count":30,"href":"https:\/\/svreudern.de\/leichtathletik\/index.php?rest_route=\/wp\/v2\/pages\/546\/revisions"}],"predecessor-version":[{"id":2259,"href":"https:\/\/svreudern.de\/leichtathletik\/index.php?rest_route=\/wp\/v2\/pages\/546\/revisions\/2259"}],"wp:attachment":[{"href":"https:\/\/svreudern.de\/leichtathletik\/index.php?rest_route=%2Fwp%2Fv2%2Fmedia&parent=546"}],"curies":[{"name":"wp","href":"https:\/\/api.w.org\/{rel}","templated":true}]}}