{"id":3343,"date":"2021-01-31T11:01:35","date_gmt":"2021-01-31T10:01:35","guid":{"rendered":"https:\/\/svreudern.de\/rad\/?page_id=3343"},"modified":"2025-06-08T09:11:01","modified_gmt":"2025-06-08T07:11:01","slug":"videos","status":"publish","type":"page","link":"https:\/\/svreudern.de\/rad\/?page_id=3343","title":{"rendered":"Videos"},"content":{"rendered":"Auf dieser Seite haben wir eine Sammlung aller Videos erstellt, die wir in den vergangenen Jahren gedreht haben. Wir w\u00fcnschen viel Spa\u00df beim Anschauen und w\u00fcrden uns freuen, wenn Ihr unseren Kanal abonieren w\u00fcrdet.\r\n\r\n18. MTB-Cup Reudern 2025\r\n\r\nhttps:\/\/youtu.be\/znOJ-Ih2H9E\r\n\r\nBambinibiken\r\n\r\nhttps:\/\/youtu.be\/e4V4q_I6Fs4\r\n\r\n&nbsp;\r\n\r\nTrainingslager Annweiler\/Pfalz im Oktoer 2023\r\n\r\nhttps:\/\/youtu.be\/fkCg1oql7eY\r\n\r\nhttps:\/\/youtu.be\/bZ9JRQRNu6U\r\n\r\n&nbsp;\r\n\r\nALB GOLD Juniorscup 2023 in Albstadt\r\n\r\nhttps:\/\/youtu.be\/oiZbAhKhmCg\r\n\r\n&nbsp;\r\n\r\nBilderr\u00fcckblick <a href=\"https:\/\/svreudern.de\/rad\/?page_id=3343\" class=\"more-link\">Read more [...]<\/a>","protected":false},"excerpt":{"rendered":"<p>Auf dieser Seite haben wir eine Sammlung aller Videos erstellt, die wir in den vergangenen Jahren gedreht haben. Wir w\u00fcnschen viel Spa\u00df beim Anschauen und w\u00fcrden uns freuen, wenn Ihr unseren Kanal abonieren w\u00fcrdet. 18. MTB-Cup Reudern 2025 https:\/\/youtu.be\/znOJ-Ih2H9E Bambinibiken https:\/\/youtu.be\/e4V4q_I6Fs4 &nbsp; Trainingslager Annweiler\/Pfalz im Oktoer 2023 https:\/\/youtu.be\/fkCg1oql7eY https:\/\/youtu.be\/bZ9JRQRNu6U &nbsp; <a class=\"more-link\" href=\"https:\/\/svreudern.de\/rad\/?page_id=3343\">weiterlesen&#8230;<\/a><\/p>\n","protected":false},"author":6,"featured_media":0,"parent":0,"menu_order":0,"comment_status":"closed","ping_status":"closed","template":"","meta":{"ngg_post_thumbnail":0,"footnotes":""},"class_list":["post-3343","page","type-page","status-publish","hentry"],"publishpress_future_action":{"enabled":false,"date":"2026-05-10 06:03:37","action":"change-status","newStatus":"draft","terms":[],"taxonomy":"","extraData":[]},"publishpress_future_workflow_manual_trigger":{"enabledWorkflows":[]},"_links":{"self":[{"href":"https:\/\/svreudern.de\/rad\/index.php?rest_route=\/wp\/v2\/pages\/3343","targetHints":{"allow":["GET"]}}],"collection":[{"href":"https:\/\/svreudern.de\/rad\/index.php?rest_route=\/wp\/v2\/pages"}],"about":[{"href":"https:\/\/svreudern.de\/rad\/index.php?rest_route=\/wp\/v2\/types\/page"}],"author":[{"embeddable":true,"href":"https:\/\/svreudern.de\/rad\/index.php?rest_route=\/wp\/v2\/users\/6"}],"replies":[{"embeddable":true,"href":"https:\/\/svreudern.de\/rad\/index.php?rest_route=%2Fwp%2Fv2%2Fcomments&post=3343"}],"version-history":[{"count":45,"href":"https:\/\/svreudern.de\/rad\/index.php?rest_route=\/wp\/v2\/pages\/3343\/revisions"}],"predecessor-version":[{"id":5240,"href":"https:\/\/svreudern.de\/rad\/index.php?rest_route=\/wp\/v2\/pages\/3343\/revisions\/5240"}],"wp:attachment":[{"href":"https:\/\/svreudern.de\/rad\/index.php?rest_route=%2Fwp%2Fv2%2Fmedia&parent=3343"}],"curies":[{"name":"wp","href":"https:\/\/api.w.org\/{rel}","templated":true}]}}