{"id":361,"date":"2016-07-15T21:06:51","date_gmt":"2016-07-15T21:06:51","guid":{"rendered":"http:\/\/rad.richterreudern.de\/?page_id=361"},"modified":"2025-04-30T20:00:56","modified_gmt":"2025-04-30T18:00:56","slug":"ueber-uns","status":"publish","type":"page","link":"https:\/\/svreudern.de\/rad\/?page_id=361","title":{"rendered":"\u00dcber uns"},"content":{"rendered":"\r\n\r\n&nbsp;\r\nDie Abteilung RAD des SV Reudern stellt sich vor\r\n\r\n\r\nAus der urspr\u00fcnglichen Abteilung Ski\/Rad entstand im Jahre 2009 unsere eigenst\u00e4ndige Abteilung Rad, um den st\u00e4ndig wachsenden Anforderungen im Radbereich gerecht zu werden. Als Unterabteilung geh\u00f6ren wir neben den Abteilungen Fu\u00dfball, Tischtennis, Ski und Leichtathletik zum SV Reudern.\r\nNeben unserem Ausschuss bildet das&nbsp;Lehrteam eine weitere S\u00e4ule, um den vielf\u00e4ltigen Aufgaben im Kinder- Jugend- und Erwachsenenbereich <a href=\"https:\/\/svreudern.de\/rad\/?page_id=361\" class=\"more-link\">Read more [...]<\/a>","protected":false},"excerpt":{"rendered":"<p>&nbsp; Die Abteilung RAD des SV Reudern stellt sich vor Aus der urspr\u00fcnglichen Abteilung Ski\/Rad entstand im Jahre 2009 unsere eigenst\u00e4ndige Abteilung Rad, um den st\u00e4ndig wachsenden Anforderungen im Radbereich gerecht zu werden. Als Unterabteilung geh\u00f6ren wir neben den Abteilungen Fu\u00dfball, Tischtennis, Ski und Leichtathletik zum SV Reudern. Neben unserem <a class=\"more-link\" href=\"https:\/\/svreudern.de\/rad\/?page_id=361\">weiterlesen&#8230;<\/a><\/p>\n","protected":false},"author":6,"featured_media":0,"parent":0,"menu_order":0,"comment_status":"closed","ping_status":"closed","template":"","meta":{"ngg_post_thumbnail":0,"footnotes":""},"class_list":["post-361","page","type-page","status-publish","hentry"],"publishpress_future_action":{"enabled":false,"date":"2026-05-06 06:06:54","action":"change-status","newStatus":"draft","terms":[],"taxonomy":"","extraData":[]},"publishpress_future_workflow_manual_trigger":{"enabledWorkflows":[]},"_links":{"self":[{"href":"https:\/\/svreudern.de\/rad\/index.php?rest_route=\/wp\/v2\/pages\/361","targetHints":{"allow":["GET"]}}],"collection":[{"href":"https:\/\/svreudern.de\/rad\/index.php?rest_route=\/wp\/v2\/pages"}],"about":[{"href":"https:\/\/svreudern.de\/rad\/index.php?rest_route=\/wp\/v2\/types\/page"}],"author":[{"embeddable":true,"href":"https:\/\/svreudern.de\/rad\/index.php?rest_route=\/wp\/v2\/users\/6"}],"replies":[{"embeddable":true,"href":"https:\/\/svreudern.de\/rad\/index.php?rest_route=%2Fwp%2Fv2%2Fcomments&post=361"}],"version-history":[{"count":20,"href":"https:\/\/svreudern.de\/rad\/index.php?rest_route=\/wp\/v2\/pages\/361\/revisions"}],"predecessor-version":[{"id":5139,"href":"https:\/\/svreudern.de\/rad\/index.php?rest_route=\/wp\/v2\/pages\/361\/revisions\/5139"}],"wp:attachment":[{"href":"https:\/\/svreudern.de\/rad\/index.php?rest_route=%2Fwp%2Fv2%2Fmedia&parent=361"}],"curies":[{"name":"wp","href":"https:\/\/api.w.org\/{rel}","templated":true}]}}