{"id":3671,"date":"2021-09-28T12:03:53","date_gmt":"2021-09-28T10:03:53","guid":{"rendered":"https:\/\/svreudern.de\/rad\/?page_id=3671"},"modified":"2025-04-10T14:03:21","modified_gmt":"2025-04-10T12:03:21","slug":"sponsoren-mtb-cup-2014","status":"publish","type":"page","link":"https:\/\/svreudern.de\/rad\/?page_id=3671","title":{"rendered":"Sponsoren ALB GOLD Juniorscup 2025"},"content":{"rendered":"<p>Ohne unsere zahlreichen Sponsoren w\u00e4re eine Veranstaltung wie der Alb Gold Juniorscup undenkbar. Daher sch\u00e4tzen wir die Unterst\u00fctzung unserer Sponsoren sehr und bedanken uns ganz herzlich bei ihnen!<\/p>\n\n<table id=\"tablepress-15\" class=\"tablepress tablepress-id-15\">\n<thead>\n<tr class=\"row-1\">\n\t<th class=\"column-1\"><img loading=\"lazy\" decoding=\"async\" src=\"http:\/\/svreudern.de\/rad\/wp-content\/uploads\/2025\/04\/Logo-ALB-GOLD-1.jpg\" alt=\"\" width=\"282\" height=\"223\" class=\"alignnone size-full wp-image-5077\" srcset=\"https:\/\/svreudern.de\/rad\/wp-content\/uploads\/2025\/04\/Logo-ALB-GOLD-1.jpg 282w, https:\/\/svreudern.de\/rad\/wp-content\/uploads\/2025\/04\/Logo-ALB-GOLD-1-200x158.jpg 200w\" sizes=\"auto, (max-width: 282px) 100vw, 282px\" \/><\/th><th class=\"column-2\"><img loading=\"lazy\" decoding=\"async\" src=\"http:\/\/svreudern.de\/rad\/wp-content\/uploads\/2025\/04\/Logo-VPACE-e1745129270314.jpg\" alt=\"\" width=\"301\" height=\"45\" class=\"alignnone size-full wp-image-5090\" \/><\/th>\n<\/tr>\n<\/thead>\n<tbody class=\"row-striping row-hover\">\n<tr class=\"row-2\">\n\t<td class=\"column-1\"><\/td><td class=\"column-2\"><\/td>\n<\/tr>\n<tr class=\"row-3\">\n\t<td class=\"column-1\"><img loading=\"lazy\" decoding=\"async\" src=\"http:\/\/svreudern.de\/rad\/wp-content\/uploads\/2025\/04\/Logo-MAGURA_1-e1745129292737.jpg\" alt=\"\" width=\"301\" height=\"135\" class=\"alignnone size-full wp-image-5084\" \/><\/td><td class=\"column-2\"><img loading=\"lazy\" decoding=\"async\" src=\"http:\/\/svreudern.de\/rad\/wp-content\/uploads\/2025\/04\/Logo-Brunox-1.png\" alt=\"\" width=\"260\" height=\"92\" class=\"alignnone size-full wp-image-5081\" srcset=\"https:\/\/svreudern.de\/rad\/wp-content\/uploads\/2025\/04\/Logo-Brunox-1.png 260w, https:\/\/svreudern.de\/rad\/wp-content\/uploads\/2025\/04\/Logo-Brunox-1-200x71.png 200w\" sizes=\"auto, (max-width: 260px) 100vw, 260px\" \/><\/td>\n<\/tr>\n<tr class=\"row-4\">\n\t<td class=\"column-1\"><\/td><td class=\"column-2\"><\/td>\n<\/tr>\n<tr class=\"row-5\">\n\t<td class=\"column-1\"><img loading=\"lazy\" decoding=\"async\" src=\"http:\/\/svreudern.de\/rad\/wp-content\/uploads\/2025\/04\/Logo-Paul-Lange-e1745129322836.jpg\" alt=\"\" width=\"301\" height=\"67\" class=\"alignnone size-full wp-image-5085\" \/><\/td><td class=\"column-2\"><img loading=\"lazy\" decoding=\"async\" src=\"http:\/\/svreudern.de\/rad\/wp-content\/uploads\/2025\/04\/Logo-Schwalbe-e1745129560337.jpg\" alt=\"\" width=\"299\" height=\"142\" class=\"alignnone size-full wp-image-5087\" \/><\/td>\n<\/tr>\n<tr class=\"row-6\">\n\t<td class=\"column-1\"><\/td><td class=\"column-2\"><\/td>\n<\/tr>\n<tr class=\"row-7\">\n\t<td class=\"column-1\"><img loading=\"lazy\" decoding=\"async\" src=\"http:\/\/svreudern.de\/rad\/wp-content\/uploads\/2025\/04\/Logo-ABUS.png\" alt=\"\" width=\"260\" height=\"110\" class=\"alignnone size-full wp-image-5076\" srcset=\"https:\/\/svreudern.de\/rad\/wp-content\/uploads\/2025\/04\/Logo-ABUS.png 260w, https:\/\/svreudern.de\/rad\/wp-content\/uploads\/2025\/04\/Logo-ABUS-200x85.png 200w\" sizes=\"auto, (max-width: 260px) 100vw, 260px\" \/><\/td><td class=\"column-2\"><img loading=\"lazy\" decoding=\"async\" src=\"http:\/\/svreudern.de\/rad\/wp-content\/uploads\/2025\/04\/Logo-SIGMA-SPORT-1.jpg\" alt=\"\" width=\"237\" height=\"181\" class=\"alignnone size-full wp-image-5089\" srcset=\"https:\/\/svreudern.de\/rad\/wp-content\/uploads\/2025\/04\/Logo-SIGMA-SPORT-1.jpg 237w, https:\/\/svreudern.de\/rad\/wp-content\/uploads\/2025\/04\/Logo-SIGMA-SPORT-1-200x153.jpg 200w\" sizes=\"auto, (max-width: 237px) 100vw, 237px\" \/><\/td>\n<\/tr>\n<tr class=\"row-8\">\n\t<td class=\"column-1\"><\/td><td class=\"column-2\"><\/td>\n<\/tr>\n<tr class=\"row-9\">\n\t<td class=\"column-1\"><img loading=\"lazy\" decoding=\"async\" src=\"http:\/\/svreudern.de\/rad\/wp-content\/uploads\/2025\/04\/Logo-BIORACER-300x58.jpg\" alt=\"\" width=\"300\" height=\"58\" class=\"alignnone size-medium wp-image-5079\" srcset=\"https:\/\/svreudern.de\/rad\/wp-content\/uploads\/2025\/04\/Logo-BIORACER-300x58.jpg 300w, https:\/\/svreudern.de\/rad\/wp-content\/uploads\/2025\/04\/Logo-BIORACER-200x39.jpg 200w, https:\/\/svreudern.de\/rad\/wp-content\/uploads\/2025\/04\/Logo-BIORACER.jpg 530w\" sizes=\"auto, (max-width: 300px) 100vw, 300px\" \/><\/td><td class=\"column-2\"><img loading=\"lazy\" decoding=\"async\" src=\"http:\/\/svreudern.de\/rad\/wp-content\/uploads\/2025\/04\/Logo-Ensinger-1.jpg\" alt=\"\" width=\"156\" height=\"81\" class=\"alignnone size-full wp-image-5082\" \/><\/td>\n<\/tr>\n<tr class=\"row-10\">\n\t<td class=\"column-1\"><\/td><td class=\"column-2\"><\/td>\n<\/tr>\n<tr class=\"row-11\">\n\t<td class=\"column-1\"><img loading=\"lazy\" decoding=\"async\" src=\"http:\/\/svreudern.de\/rad\/wp-content\/uploads\/2025\/04\/Logo-Ramlon-1-300x159.jpg\" alt=\"\" width=\"300\" height=\"159\" class=\"alignnone size-medium wp-image-5086\" srcset=\"https:\/\/svreudern.de\/rad\/wp-content\/uploads\/2025\/04\/Logo-Ramlon-1-300x159.jpg 300w, https:\/\/svreudern.de\/rad\/wp-content\/uploads\/2025\/04\/Logo-Ramlon-1-200x106.jpg 200w, https:\/\/svreudern.de\/rad\/wp-content\/uploads\/2025\/04\/Logo-Ramlon-1.jpg 482w\" sizes=\"auto, (max-width: 300px) 100vw, 300px\" \/><\/td><td class=\"column-2\"><img loading=\"lazy\" decoding=\"async\" src=\"http:\/\/svreudern.de\/rad\/wp-content\/uploads\/2025\/04\/Logo-BKK.jpg\" alt=\"\" width=\"150\" height=\"65\" class=\"alignnone size-full wp-image-5055\" \/><\/td>\n<\/tr>\n<tr class=\"row-12\">\n\t<td class=\"column-1\"><\/td><td class=\"column-2\"><\/td>\n<\/tr>\n<tr class=\"row-13\">\n\t<td class=\"column-1\"><img loading=\"lazy\" decoding=\"async\" src=\"http:\/\/svreudern.de\/rad\/wp-content\/uploads\/2025\/04\/Pedalo_Logo2016_221px.png\" alt=\"\" width=\"221\" height=\"61\" class=\"alignnone size-full wp-image-5058\" srcset=\"https:\/\/svreudern.de\/rad\/wp-content\/uploads\/2025\/04\/Pedalo_Logo2016_221px.png 221w, https:\/\/svreudern.de\/rad\/wp-content\/uploads\/2025\/04\/Pedalo_Logo2016_221px-200x55.png 200w\" sizes=\"auto, (max-width: 221px) 100vw, 221px\" \/><\/td><td class=\"column-2\"><img loading=\"lazy\" decoding=\"async\" src=\"http:\/\/svreudern.de\/rad\/wp-content\/uploads\/2025\/04\/Logo-KINETIXX.png\" alt=\"\" width=\"270\" height=\"81\" class=\"alignnone size-full wp-image-5069\" srcset=\"https:\/\/svreudern.de\/rad\/wp-content\/uploads\/2025\/04\/Logo-KINETIXX.png 270w, https:\/\/svreudern.de\/rad\/wp-content\/uploads\/2025\/04\/Logo-KINETIXX-200x60.png 200w\" sizes=\"auto, (max-width: 270px) 100vw, 270px\" \/><\/td>\n<\/tr>\n<tr class=\"row-14\">\n\t<td class=\"column-1\"><\/td><td class=\"column-2\"><\/td>\n<\/tr>\n<tr class=\"row-15\">\n\t<td class=\"column-1\"><img loading=\"lazy\" decoding=\"async\" src=\"http:\/\/svreudern.de\/rad\/wp-content\/uploads\/2025\/04\/Logo-Schwoerer-Haus-1.jpg\" alt=\"\" width=\"185\" height=\"86\" class=\"alignnone size-full wp-image-5088\" \/><\/td><td class=\"column-2\"><img loading=\"lazy\" decoding=\"async\" src=\"http:\/\/svreudern.de\/rad\/wp-content\/uploads\/2025\/04\/Logo-Bike-Angebot-200x200.jpg\" alt=\"\" width=\"300\" height=\"300\" class=\"alignnone size-medium wp-image-5078\" srcset=\"https:\/\/svreudern.de\/rad\/wp-content\/uploads\/2025\/04\/Logo-Bike-Angebot-200x200.jpg 200w, https:\/\/svreudern.de\/rad\/wp-content\/uploads\/2025\/04\/Logo-Bike-Angebot-300x300.jpg 300w, https:\/\/svreudern.de\/rad\/wp-content\/uploads\/2025\/04\/Logo-Bike-Angebot.jpg 720w\" sizes=\"auto, (max-width: 300px) 100vw, 300px\" \/><\/td>\n<\/tr>\n<tr class=\"row-16\">\n\t<td class=\"column-1\"><\/td><td class=\"column-2\"><\/td>\n<\/tr>\n<tr class=\"row-17\">\n\t<td class=\"column-1\"><img loading=\"lazy\" decoding=\"async\" src=\"http:\/\/svreudern.de\/rad\/wp-content\/uploads\/2025\/04\/Kaercher-300x150.png\" alt=\"\" width=\"300\" height=\"150\" class=\"alignnone size-medium wp-image-5124\" srcset=\"https:\/\/svreudern.de\/rad\/wp-content\/uploads\/2025\/04\/Kaercher-300x150.png 300w, https:\/\/svreudern.de\/rad\/wp-content\/uploads\/2025\/04\/Kaercher-200x100.png 200w, https:\/\/svreudern.de\/rad\/wp-content\/uploads\/2025\/04\/Kaercher.png 318w\" sizes=\"auto, (max-width: 300px) 100vw, 300px\" \/><\/td><td class=\"column-2\"><\/td>\n<\/tr>\n<\/tbody>\n<\/table>\n<!-- #tablepress-15 from cache -->\n","protected":false},"excerpt":{"rendered":"<p>Ohne unsere zahlreichen Sponsoren w\u00e4re eine Veranstaltung wie der Alb Gold Juniorscup undenkbar. Daher sch\u00e4tzen wir die Unterst\u00fctzung unserer Sponsoren sehr und bedanken uns ganz herzlich bei ihnen!<\/p>\n","protected":false},"author":6,"featured_media":0,"parent":0,"menu_order":0,"comment_status":"closed","ping_status":"closed","template":"","meta":{"ngg_post_thumbnail":0,"footnotes":""},"class_list":["post-3671","page","type-page","status-publish","hentry"],"publishpress_future_action":{"enabled":false,"date":"2026-04-13 00:27:19","action":"change-status","newStatus":"draft","terms":[],"taxonomy":"","extraData":[]},"publishpress_future_workflow_manual_trigger":{"enabledWorkflows":[]},"_links":{"self":[{"href":"https:\/\/svreudern.de\/rad\/index.php?rest_route=\/wp\/v2\/pages\/3671","targetHints":{"allow":["GET"]}}],"collection":[{"href":"https:\/\/svreudern.de\/rad\/index.php?rest_route=\/wp\/v2\/pages"}],"about":[{"href":"https:\/\/svreudern.de\/rad\/index.php?rest_route=\/wp\/v2\/types\/page"}],"author":[{"embeddable":true,"href":"https:\/\/svreudern.de\/rad\/index.php?rest_route=\/wp\/v2\/users\/6"}],"replies":[{"embeddable":true,"href":"https:\/\/svreudern.de\/rad\/index.php?rest_route=%2Fwp%2Fv2%2Fcomments&post=3671"}],"version-history":[{"count":5,"href":"https:\/\/svreudern.de\/rad\/index.php?rest_route=\/wp\/v2\/pages\/3671\/revisions"}],"predecessor-version":[{"id":5064,"href":"https:\/\/svreudern.de\/rad\/index.php?rest_route=\/wp\/v2\/pages\/3671\/revisions\/5064"}],"wp:attachment":[{"href":"https:\/\/svreudern.de\/rad\/index.php?rest_route=%2Fwp%2Fv2%2Fmedia&parent=3671"}],"curies":[{"name":"wp","href":"https:\/\/api.w.org\/{rel}","templated":true}]}}