{"id":373,"date":"2016-07-15T21:28:48","date_gmt":"2016-07-15T21:28:48","guid":{"rendered":"http:\/\/rad.richterreudern.de\/?page_id=373"},"modified":"2023-11-21T16:48:29","modified_gmt":"2023-11-21T15:48:29","slug":"renntraining","status":"publish","type":"page","link":"https:\/\/svreudern.de\/rad\/?page_id=373","title":{"rendered":"Renntraining"},"content":{"rendered":"Zus\u00e4tzlich zum technik- und spa\u00dfbetonten Grundlagentraining f\u00fcr unseren Bikenachwuchs von etwa 7 bis 13 Jahren bieten wir allen rennorientierten Fahrerinnen und Fahrern ein professionelles Biketraining an.\r\nOrganisiert von unserem erfahrenen Trainerteam steht hier leistungsorientiertes Training und die Vorbereitung auf MTB-Rennen klar im Vordergrund.\r\nNeben dem reinen Biketraining werden diverse Trainingslager und Sondertrainingseinheiten angeboten.\r\n\r\n\r\nHallentraining\r\nNeben dem auch \u00fcber die <a href=\"https:\/\/svreudern.de\/rad\/?page_id=373\" class=\"more-link\">Read more [...]<\/a>","protected":false},"excerpt":{"rendered":"<p>Zus\u00e4tzlich zum technik- und spa\u00dfbetonten Grundlagentraining f\u00fcr unseren Bikenachwuchs von etwa 7 bis 13 Jahren bieten wir allen rennorientierten Fahrerinnen und Fahrern ein professionelles Biketraining an. Organisiert von unserem erfahrenen Trainerteam steht hier leistungsorientiertes Training und die Vorbereitung auf MTB-Rennen klar im Vordergrund. Neben dem reinen Biketraining werden diverse Trainingslager <a class=\"more-link\" href=\"https:\/\/svreudern.de\/rad\/?page_id=373\">weiterlesen&#8230;<\/a><\/p>\n","protected":false},"author":6,"featured_media":437,"parent":0,"menu_order":0,"comment_status":"closed","ping_status":"closed","template":"","meta":{"ngg_post_thumbnail":0,"footnotes":""},"class_list":["post-373","page","type-page","status-publish","has-post-thumbnail","hentry"],"publishpress_future_action":{"enabled":false,"date":"2026-05-11 12:45:11","action":"change-status","newStatus":"draft","terms":[],"taxonomy":"","extraData":[]},"publishpress_future_workflow_manual_trigger":{"enabledWorkflows":[]},"_links":{"self":[{"href":"https:\/\/svreudern.de\/rad\/index.php?rest_route=\/wp\/v2\/pages\/373","targetHints":{"allow":["GET"]}}],"collection":[{"href":"https:\/\/svreudern.de\/rad\/index.php?rest_route=\/wp\/v2\/pages"}],"about":[{"href":"https:\/\/svreudern.de\/rad\/index.php?rest_route=\/wp\/v2\/types\/page"}],"author":[{"embeddable":true,"href":"https:\/\/svreudern.de\/rad\/index.php?rest_route=\/wp\/v2\/users\/6"}],"replies":[{"embeddable":true,"href":"https:\/\/svreudern.de\/rad\/index.php?rest_route=%2Fwp%2Fv2%2Fcomments&post=373"}],"version-history":[{"count":19,"href":"https:\/\/svreudern.de\/rad\/index.php?rest_route=\/wp\/v2\/pages\/373\/revisions"}],"predecessor-version":[{"id":4645,"href":"https:\/\/svreudern.de\/rad\/index.php?rest_route=\/wp\/v2\/pages\/373\/revisions\/4645"}],"wp:featuredmedia":[{"embeddable":true,"href":"https:\/\/svreudern.de\/rad\/index.php?rest_route=\/wp\/v2\/media\/437"}],"wp:attachment":[{"href":"https:\/\/svreudern.de\/rad\/index.php?rest_route=%2Fwp%2Fv2%2Fmedia&parent=373"}],"curies":[{"name":"wp","href":"https:\/\/api.w.org\/{rel}","templated":true}]}}