{"id":4401,"date":"2023-03-21T22:27:51","date_gmt":"2023-03-21T21:27:51","guid":{"rendered":"https:\/\/svreudern.de\/rad\/?page_id=4401"},"modified":"2023-03-21T22:33:12","modified_gmt":"2023-03-21T21:33:12","slug":"unsere-verhaltensregeln","status":"publish","type":"page","link":"https:\/\/svreudern.de\/rad\/?page_id=4401","title":{"rendered":"Unsere Verhaltensregeln"},"content":{"rendered":"Verhaltensregeln des SV Reudern\r\n\r\nDie Mitglieder des SV Reudern sind sich bewusst, dass sie sich bei der Aus\u00fcbung ihres Hobbies in zum Teil sensiblen Gebieten aufhalten. Begegnungen mit Wild, Wanderen, Reitern und anderen Waldn\u00fctzern ist dabei unvermeidbar. Umso wichtiger ist daher das Einhalten einiger Regeln. Die Einhaltung dieser Regeln ist f\u00fcr uns eine Selbstverst\u00e4ndlichkeit, f\u00fcr die Regeln machen wir uns stark und dr\u00e4ngen permanent auf deren Einhaltung!\r\nSchon unsere J\u00fcngsten lernen <a href=\"https:\/\/svreudern.de\/rad\/?page_id=4401\" class=\"more-link\">Read more [...]<\/a>","protected":false},"excerpt":{"rendered":"<p>Verhaltensregeln des SV Reudern Die Mitglieder des SV Reudern sind sich bewusst, dass sie sich bei der Aus\u00fcbung ihres Hobbies in zum Teil sensiblen Gebieten aufhalten. Begegnungen mit Wild, Wanderen, Reitern und anderen Waldn\u00fctzern ist dabei unvermeidbar. Umso wichtiger ist daher das Einhalten einiger Regeln. Die Einhaltung dieser Regeln ist <a class=\"more-link\" href=\"https:\/\/svreudern.de\/rad\/?page_id=4401\">weiterlesen&#8230;<\/a><\/p>\n","protected":false},"author":6,"featured_media":0,"parent":0,"menu_order":0,"comment_status":"closed","ping_status":"closed","template":"","meta":{"ngg_post_thumbnail":0,"footnotes":""},"class_list":["post-4401","page","type-page","status-publish","hentry"],"publishpress_future_action":{"enabled":false,"date":"2026-05-08 22:26:16","action":"change-status","newStatus":"draft","terms":[],"taxonomy":"","extraData":[]},"publishpress_future_workflow_manual_trigger":{"enabledWorkflows":[]},"_links":{"self":[{"href":"https:\/\/svreudern.de\/rad\/index.php?rest_route=\/wp\/v2\/pages\/4401","targetHints":{"allow":["GET"]}}],"collection":[{"href":"https:\/\/svreudern.de\/rad\/index.php?rest_route=\/wp\/v2\/pages"}],"about":[{"href":"https:\/\/svreudern.de\/rad\/index.php?rest_route=\/wp\/v2\/types\/page"}],"author":[{"embeddable":true,"href":"https:\/\/svreudern.de\/rad\/index.php?rest_route=\/wp\/v2\/users\/6"}],"replies":[{"embeddable":true,"href":"https:\/\/svreudern.de\/rad\/index.php?rest_route=%2Fwp%2Fv2%2Fcomments&post=4401"}],"version-history":[{"count":7,"href":"https:\/\/svreudern.de\/rad\/index.php?rest_route=\/wp\/v2\/pages\/4401\/revisions"}],"predecessor-version":[{"id":4409,"href":"https:\/\/svreudern.de\/rad\/index.php?rest_route=\/wp\/v2\/pages\/4401\/revisions\/4409"}],"wp:attachment":[{"href":"https:\/\/svreudern.de\/rad\/index.php?rest_route=%2Fwp%2Fv2%2Fmedia&parent=4401"}],"curies":[{"name":"wp","href":"https:\/\/api.w.org\/{rel}","templated":true}]}}